9
Let l(b) = -379*b - 7940. What is the thousands digit of l(-58)?
4
Suppose v = -4*h + 19, 3*v + 0*h - 107 = -2*h. Let y = v + 37. What is the tens digit of y?
7
Let y(r) = -r + 1. Let g be y(-3). Suppose 0 = w + 3*k - 55 + 84, -64 = 4*w - k. What is the tens digit of w/((-935)/2850) - g/(-22)?
5
Suppose 0 = 3*n + w - 799, -3*n + 2*w + 802 = 6*w. Let a = n - -942. What is the tens digit of a?
0
Let r(v) be the second derivative of -v**5/20 + 3*v**4/2 - 3*v**3/2 + 15*v**2/2 - v + 16. What is the units digit of r(7)?
1
Suppose -3 = -2*h + s - 5, 0 = -3*h + 5*s + 4. What is the units digit of (-1 - -32)*(20/(-2))/h?
5
Suppose -9*q = -165 - 294. What is the hundreds digit of 18*3423/q - 2/17?
2
Let f be ((-5)/(-6))/((-11)/(-66)). Let i be 8*f/(-10)*-3. What is the units digit of i - 9/3*1?
9
Let v = -8675 - -15356. What is the tens digit of v?
8
Suppose -38*t = -1169557 + 344235. What is the tens digit of t?
1
Let h = 4616 - 181. What is the hundreds digit of h?
4
Let b(m) = 54*m - 11. Let x be (-7 - (-246)/30)/((-6)/(-80)). What is the units digit of b(x)?
3
Let x be 112203/18 + (-4)/(-8). Suppose -11*j = -5*j - x. What is the hundreds digit of j?
0
Let t = 127 - -436. Let f = t + -298. What is the hundreds digit of f?
2
Let c = 20091 - 3766. What is the ten thousands digit of c?
1
Suppose -4*q + 12262 = -2*q - 2176. What is the thousands digit of q?
7
Let p = 17608 + -14373. What is the hundreds digit of p?
2
What is the units digit of 1/((-96855)/96870 - -1)?
8
Suppose -8*g = -25*g. Suppose g = -492*o + 489*o + 2613. What is the units digit of o?
1
Suppose 4*g + 3*o - 23 = 0, 12 = 3*g + o + 3*o. Let d = g + -8. Suppose 12*j - 11*j - 20 = d. What is the tens digit of j?
2
Suppose 31713 = 5*m - 2387. What is the hundreds digit of m?
8
Suppose -d + 6*t = 10*t - 924, -1793 = -2*d + 3*t. Let g = d - 124. What is the tens digit of g?
8
Let l(j) be the second derivative of 493*j**4/12 - 2*j**3/3 - 7*j**2/2 + 8*j - 3. What is the units digit of l(-2)?
3
Let c(t) = 38 - 27*t + 31 - 66. Let d be c(-2). Let q = -42 + d. What is the units digit of q?
5
Suppose 16202*d - 16219*d = -344420. What is the ten thousands digit of d?
2
Suppose -4*u - 5*y - 67 = 0, 0 + 35 = -2*u - 3*y. Suppose 43053*b - 43042*b = 77. Let x = b - u. What is the tens digit of x?
2
Let t(z) = -10*z**3 + 5*z**2 - 40*z + 11. Let q(a) = -5*a**3 + 3*a**2 - 20*a + 5. Let u(w) = -13*q(w) + 6*t(w). What is the units digit of u(4)?
7
Let v = 30 - 8. Suppose 0 = -v*n + 7021 + 1075. What is the units digit of n?
8
Suppose 0 = 5*p + 4*r - 46996, -4*r + 3*r - 9401 = -p. What is the thousands digit of p?
9
Suppose n - 23 = 4*g, 13 = -2*g + 3. Suppose 0*m + n*q = 4*m - 446, -230 = -2*m - 2*q. What is the tens digit of m?
1
Let h(v) be the first derivative of -v**5/40 + v**4/2 - 7*v**3/3 - 13. Let i(d) be the third derivative of h(d). What is the tens digit of i(-11)?
4
Let i = -9706 - -31536. What is the units digit of i?
0
Let s(f) = -2*f + 18. Let y be s(11). Let k(h) = -29*h + 10. Let x(v) = -v. Let z(o) = k(o) - 2*x(o). What is the hundreds digit of z(y)?
1
Let t be (2/(-6))/((-1078)/(-357) - 3). Let a be 2142/t*6/(-2). Suppose -5*d - 4*m + a = 0, m + 112 = 4*d - 203. What is the tens digit of d?
7
Let n(t) = -22210*t**3 + 3*t**2 - 6*t - 10. What is the thousands digit of n(-1)?
2
Let m(i) = -1197*i + 85. Let g(o) = 401*o - 29. Let f(h) = -11*g(h) - 4*m(h). What is the tens digit of f(1)?
5
Suppose -1 = 4*b + 5*d - 0, 4*b - d + 19 = 0. Let a be (b/(-2) + -5)*4/(-12). Suppose c + a - 42 = 0. What is the units digit of c?
1
Let r(s) = 95*s + 1744. What is the hundreds digit of r(122)?
3
What is the thousands digit of (-3 - (-141)/48) + (-40482640)/(-1280)?
1
Let n(t) = -3 - 31 + 17 - 3*t. Let m be n(-5). What is the tens digit of (-10 - 3)/(m/6)?
3
Let z(a) = 4*a**2 + 14*a + 11. Let f(b) = 8*b**2 + 29*b + 22. Let m(j) = -2*f(j) + 5*z(j). Let v be m(-6). Let q = 102 - v. What is the units digit of q?
9
Suppose -5*g + 2*v = 8 + 6, -g + 5*v = -11. Let i(w) = 7*w**2 - 22*w + 1. What is the tens digit of i(g)?
0
Let j = -59 + 53. Let h be 4/j + (16/3)/2. Suppose -14*s + 2364 = -h*s. What is the hundreds digit of s?
1
Let g(o) be the first derivative of -289*o**2/2 - 27*o - 3. What is the hundreds digit of g(-1)?
2
Let y = 599 + -588. Suppose -3*m - 4*c + 484 = 0, -125 = -m + 5*c + y. What is the units digit of m?
6
Let m(w) = -7*w**2 - 2*w + 14. Let z be m(-11). Let f = -213 - z. What is the tens digit of f?
9
Let l = 447 - 480. What is the units digit of (l + -3)*(-6)/(120/565)?
7
Suppose -62*s + 424380 = -2*s. What is the hundreds digit of s?
0
Let d(k) = -3*k**2 - 17*k - 1. Let b be d(-5). Let g(n) = n**2 + 3*n + 30. What is the tens digit of g(b)?
3
Let s be (-26)/15*3 - 16/20. Let z(v) = -35*v - 44. What is the hundreds digit of z(s)?
1
Let n be 4 - 6 - (1303 - 6/3). Let j = n + 1891. What is the units digit of j?
8
Let q(a) = -a**3 - 8*a**2 - 11*a - 26. Let x be q(-7). Suppose 0 = -4*j + 3*t + 4093 + 862, 0 = j - x*t - 1240. What is the thousands digit of j?
1
Suppose 43*d - 44*d + 18076 = 5*s, 5*s = -5*d + 18080. What is the units digit of s?
5
Let x = 4680 + 2924. What is the thousands digit of x?
7
Let w be 8/10*21015/18. Suppose 0 = 4*h - 4, 9*h - 8*h - w = -3*i. What is the tens digit of i?
1
Suppose 18*c - 80 = 13*c. Suppose 3*f = -5*n + 8*n + 2973, -4*n + c = 0. What is the tens digit of f?
9
Suppose 4*n - 58 = 5*s, n + 5*s + 70 = 6*n. What is the units digit of (n/(-39))/(-2) - (-7822)/26?
1
Let q be -4*11/44 + 35. Let l = 11 + -5. Let w = l + q. What is the units digit of w?
0
Let y(f) = 350*f + 8006. What is the hundreds digit of y(8)?
8
Let f(j) = 3*j**3 - 93*j**2 - 17*j - 223. What is the tens digit of f(35)?
8
Let f(s) = 3*s + 19. Let y be f(-4). Suppose 0 = -z + y*z + 1464. Let d = z - -383. What is the tens digit of d?
3
What is the tens digit of 6*(24320/24)/2?
4
Let t(j) = j**2 + 3*j + 3. Suppose -u = 3*i, -6 + 17 = 3*u - 2*i. Let r be t(u). Suppose -22*c = -25*c + r. What is the units digit of c?
7
Suppose -3*x + 3222 = 3*f, -f + 926 + 152 = -x. Let i = -688 + f. What is the units digit of i?
8
Let s = 1826 + -1821. Let n = -928 + 1316. Suppose -n = -s*r - 103. What is the tens digit of r?
5
What is the units digit of (14 - 12)/(0 + 6/5847)?
9
Suppose 1079*d = 1088*d - 32067. What is the tens digit of d?
6
Let s be 49 - (10 + -5 + -23). Suppose 0 = -0*y - y + 227. Let w = y - s. What is the units digit of w?
0
Suppose 0*w - 17*w + 6324 = 0. Suppose 21*u = -57 + w. What is the tens digit of u?
1
Let d(v) be the third derivative of v**4/6 + 19*v**3/3 + 19*v**2. Let r be d(-23). What is the tens digit of r/(-4)*30/(-12)*-4?
3
Let f = 34 - 29. Let g = 5 - f. Suppose -x + 125 = 3*t, g = t + 2*t. What is the hundreds digit of x?
1
Suppose -2*n = 2*n + 4*o + 64, 2*n + o + 32 = 0. Let f be (n/(-24))/(4/954). Let q = f + -11. What is the units digit of q?
8
Let h be (-2)/10 - 245/25. Let g be 378/3*(-15)/h. What is the tens digit of 9408/g + (-2)/(-9)?
5
Let h be -4 - (3 - 4)*2. Let x(p) = -3*p - 3. Let o be x(h). Suppose -o*j + 180 = -2*j - t, -t + 912 = 5*j. What is the tens digit of j?
8
Suppose -182 = -11*o + 192. Suppose -o*j - 2295 = -39*j. What is the hundreds digit of j?
4
Let b(k) = 106*k**2 - 233*k + 2960. What is the thousands digit of b(12)?
5
Let a(x) = -2*x - 92. Let m be a(-48). What is the units digit of m/(32/542) + (-3)/(-12)?
8
Let t(a) = -10*a - 55. Let g = -34 - -28. Let j be t(g). Suppose 4*l - 7 = 2*p + 25, -l - j*p = -30. What is the units digit of l?
0
Suppose -5*n = 3*i - 0*i + 2945, -2*i + 10 = 0. Let v = n - -981. What is the tens digit of v?
8
Let p be -4 - (12/4 + -181). What is the tens digit of p + 33 + (1 - (1 - 2))?
0
Let l be (-1 + 7)*3/(-6). Let c(y) = -9*y + 3. Let m be c(l). Suppose 0 = 3*h + 2*x - 70, -x + 16 = 2*h - m. What is the units digit of h?
2
Let s = 28801 - 12328. What is the hundreds digit of s?
4
Suppose -419 = -9*c - 14. Let n be 5/2*-4*(-63)/c. What is the tens digit of 1892/n - (-10)/(-70)?
3
Let g(i) = i**3 - 4*i**2 + 2*i + 3. Let l be g(4). Suppose -1974 = -5*b + 14*o - l*o, -5*o - 15 = 0. What is the tens digit of b?
9
What is the thousands digit of (35/3)/(621/959445)?
8
Let d(y) = 97*y**2 - 8*y - 55. What is the tens digit